{"id":40,"date":"2023-08-22T11:45:36","date_gmt":"2023-08-22T09:45:36","guid":{"rendered":"https:\/\/andreasbendig.de\/portal\/"},"modified":"2023-08-23T10:45:23","modified_gmt":"2023-08-23T08:45:23","slug":"portal","status":"publish","type":"page","link":"https:\/\/andreasbendig.de\/portal\/","title":{"rendered":"Portal"},"content":{"rendered":"\n    \n    <section class=\"u-align-center u-clearfix u-image u-shading u-section-2\" src=\"\" data-image-width=\"1280\" data-image-height=\"570\" id=\"sec-893f\" style=\"background-image: linear-gradient(0deg, rgba(0, 0, 0, 0.55), rgba(0, 0, 0, 0.55)), url(&quot;https:\/\/andreasbendig.de\/wp-content\/uploads\/2023\/08\/d16ae4cd5d625e6e02130dde082caa2bccef3c3385170de04225f126fe0a6b39a42a0c60087fba4ebeecdaca22336393b396285fcd3b1771bd1421_1280.jpg&quot;);\">\n      <div class=\"u-clearfix u-sheet u-sheet-1\">\n        <h1 class=\"u-text u-text-default-lg u-text-default-md u-text-default-sm u-text-default-xl u-title u-text-1\">andreasbendig.de<\/h1>\n        <p class=\"u-large-text u-text u-text-default u-text-variant u-text-2\">Herzlich Willkommen in meiner Welt!<\/p>\n      <\/div>\n    <\/section>\n    <section class=\"u-align-center u-clearfix u-grey-90 u-section-3\" id=\"sec-a44b\">\n      <div class=\"u-clearfix u-sheet u-valign-middle u-sheet-1\">\n        <div class=\"u-expanded-width u-list u-list-1\">\n          <div class=\"u-repeater u-repeater-1\">\n            <div class=\"u-align-center u-container-style u-list-item u-repeater-item\" data-href=\"https:\/\/andreasbendig.de\/about\/\">\n              <div class=\"u-container-layout u-similar-container u-valign-bottom u-container-layout-1\"><span class=\"u-icon u-text-white u-icon-1\"><svg class=\"u-svg-link\" preserveAspectRatio=\"xMidYMin slice\" viewBox=\"0 0 55 55\" style=\"\"><use xmlns:xlink=\"http:\/\/www.w3.org\/1999\/xlink\" xlink:href=\"#svg-b14c\"><\/use><\/svg><svg class=\"u-svg-content\" viewBox=\"0 0 55 55\" x=\"0px\" y=\"0px\" id=\"svg-b14c\" style=\"enable-background:new 0 0 55 55;\"><path d=\"M55,27.5C55,12.337,42.663,0,27.5,0S0,12.337,0,27.5c0,8.009,3.444,15.228,8.926,20.258l-0.026,0.023l0.892,0.752\n\tc0.058,0.049,0.121,0.089,0.179,0.137c0.474,0.393,0.965,0.766,1.465,1.127c0.162,0.117,0.324,0.234,0.489,0.348\n\tc0.534,0.368,1.082,0.717,1.642,1.048c0.122,0.072,0.245,0.142,0.368,0.212c0.613,0.349,1.239,0.678,1.88,0.98\n\tc0.047,0.022,0.095,0.042,0.142,0.064c2.089,0.971,4.319,1.684,6.651,2.105c0.061,0.011,0.122,0.022,0.184,0.033\n\tc0.724,0.125,1.456,0.225,2.197,0.292c0.09,0.008,0.18,0.013,0.271,0.021C25.998,54.961,26.744,55,27.5,55\n\tc0.749,0,1.488-0.039,2.222-0.098c0.093-0.008,0.186-0.013,0.279-0.021c0.735-0.067,1.461-0.164,2.178-0.287\n\tc0.062-0.011,0.125-0.022,0.187-0.034c2.297-0.412,4.495-1.109,6.557-2.055c0.076-0.035,0.153-0.068,0.229-0.104\n\tc0.617-0.29,1.22-0.603,1.811-0.936c0.147-0.083,0.293-0.167,0.439-0.253c0.538-0.317,1.067-0.648,1.581-1\n\tc0.185-0.126,0.366-0.259,0.549-0.391c0.439-0.316,0.87-0.642,1.289-0.983c0.093-0.075,0.193-0.14,0.284-0.217l0.915-0.764\n\tl-0.027-0.023C51.523,42.802,55,35.55,55,27.5z M2,27.5C2,13.439,13.439,2,27.5,2S53,13.439,53,27.5\n\tc0,7.577-3.325,14.389-8.589,19.063c-0.294-0.203-0.59-0.385-0.893-0.537l-8.467-4.233c-0.76-0.38-1.232-1.144-1.232-1.993v-2.957\n\tc0.196-0.242,0.403-0.516,0.617-0.817c1.096-1.548,1.975-3.27,2.616-5.123c1.267-0.602,2.085-1.864,2.085-3.289v-3.545\n\tc0-0.867-0.318-1.708-0.887-2.369v-4.667c0.052-0.52,0.236-3.448-1.883-5.864C34.524,9.065,31.541,8,27.5,8\n\ts-7.024,1.065-8.867,3.168c-2.119,2.416-1.935,5.346-1.883,5.864v4.667c-0.568,0.661-0.887,1.502-0.887,2.369v3.545\n\tc0,1.101,0.494,2.128,1.34,2.821c0.81,3.173,2.477,5.575,3.093,6.389v2.894c0,0.816-0.445,1.566-1.162,1.958l-7.907,4.313\n\tc-0.252,0.137-0.502,0.297-0.752,0.476C5.276,41.792,2,35.022,2,27.5z\"><\/path><\/svg><\/span>\n                <h3 class=\"u-text u-text-1\">About<\/h3>\n                <p class=\"u-text u-text-default u-text-2\">Jeder Mensch ist einzigartig! Wenn Du willst, dann kannst Du hier mehr \u00fcber mich und meine Vita erfahren.<\/p>\n              <\/div>\n            <\/div>\n            <div class=\"u-align-center u-container-style u-list-item u-repeater-item\" data-href=\"https:\/\/andreasbendig.de\/work\/\">\n              <div class=\"u-container-layout u-similar-container u-valign-bottom u-container-layout-2\"><span class=\"u-file-icon u-icon u-text-white u-icon-2\"><img decoding=\"async\" src=\"https:\/\/andreasbendig.de\/wp-content\/uploads\/2023\/08\/656cbc72.png\" alt=\"\"><\/span>\n                <h3 class=\"u-text u-text-3\">Work<\/h3>\n                <p class=\"u-text u-text-default u-text-4\">Die Arbeit f\u00fcllt einen gro\u00dfen Teil in unserem t\u00e4glichen Leben. Hier stelle ich meine Prinzipien und Erfahrungen vor.&nbsp;&nbsp;<\/p>\n              <\/div>\n            <\/div>\n            <div class=\"u-align-center u-container-style u-list-item u-repeater-item\" data-href=\"https:\/\/andreasbendig.de\/life\/\">\n              <div class=\"u-container-layout u-similar-container u-valign-bottom u-container-layout-3\"><span class=\"u-file-icon u-icon u-text-white u-icon-3\"><img decoding=\"async\" src=\"https:\/\/andreasbendig.de\/wp-content\/uploads\/2023\/08\/10f4a37f.png\" alt=\"\"><\/span>\n                <h3 class=\"u-text u-text-5\">Life<\/h3>\n                <p class=\"u-text u-text-default u-text-6\">Nichts ist wichtiger als ein ausgeglichenes Privatleben. Erfahre mehr \u00fcber meine Interessen und Hobbies!<\/p>\n              <\/div>\n            <\/div>\n          <\/div>\n        <\/div>\n      <\/div>\n    <\/section>\n    \n    \n    \n  \n","protected":false},"excerpt":{"rendered":"<p>andreasbendig.de Herzlich Willkommen in meiner Welt! About Jeder Mensch ist einzigartig! Wenn Du willst, dann kannst Du hier mehr \u00fcber mich und meine Vita erfahren. Work Die Arbeit f\u00fcllt einen gro\u00dfen Teil in unserem t\u00e4glichen Leben. Hier stelle ich meine Prinzipien und Erfahrungen vor.&nbsp;&nbsp; Life Nichts ist wichtiger als ein ausgeglichenes Privatleben. Erfahre mehr \u00fcber &hellip; <a href=\"https:\/\/andreasbendig.de\/portal\/\" class=\"more-link\">Continue reading<span class=\"screen-reader-text\"> &#8222;Portal&#8220;<\/span><\/a><\/p>\n","protected":false},"author":1,"featured_media":0,"parent":0,"menu_order":1,"comment_status":"closed","ping_status":"closed","template":"","meta":{"footnotes":""},"class_list":["post-40","page","type-page","status-publish","hentry"],"_links":{"self":[{"href":"https:\/\/andreasbendig.de\/portal\/wp-json\/wp\/v2\/pages\/40","targetHints":{"allow":["GET"]}}],"collection":[{"href":"https:\/\/andreasbendig.de\/portal\/wp-json\/wp\/v2\/pages"}],"about":[{"href":"https:\/\/andreasbendig.de\/portal\/wp-json\/wp\/v2\/types\/page"}],"author":[{"embeddable":true,"href":"https:\/\/andreasbendig.de\/portal\/wp-json\/wp\/v2\/users\/1"}],"replies":[{"embeddable":true,"href":"https:\/\/andreasbendig.de\/portal\/wp-json\/wp\/v2\/comments?post=40"}],"version-history":[{"count":3,"href":"https:\/\/andreasbendig.de\/portal\/wp-json\/wp\/v2\/pages\/40\/revisions"}],"predecessor-version":[{"id":68,"href":"https:\/\/andreasbendig.de\/portal\/wp-json\/wp\/v2\/pages\/40\/revisions\/68"}],"wp:attachment":[{"href":"https:\/\/andreasbendig.de\/portal\/wp-json\/wp\/v2\/media?parent=40"}],"curies":[{"name":"wp","href":"https:\/\/api.w.org\/{rel}","templated":true}]}}